{"id":1118,"date":"2023-09-15T19:12:20","date_gmt":"2023-09-15T17:12:20","guid":{"rendered":"https:\/\/pruebadotacionesdelcentro.innovardotaciones.com\/?post_type=product&#038;p=1118"},"modified":"2023-09-15T19:12:20","modified_gmt":"2023-09-15T17:12:20","slug":"chaleco-en-gabardina","status":"publish","type":"product","link":"https:\/\/pruebadotacionesdelcentro.innovardotaciones.com\/index.php\/producto\/chaleco-en-gabardina\/","title":{"rendered":"Chaleco en Gabardina"},"content":{"rendered":"<p>Los chalecos de gabardina suelen presentar un dise\u00f1o cl\u00e1sico con cierre de botones en la parte frontal y un ajuste ce\u00f1ido que realza la figura<\/p>\n","protected":false},"excerpt":{"rendered":"<p>Los chalecos de gabardina suelen presentar un dise\u00f1o cl\u00e1sico con cierre de botones en la parte frontal y un ajuste ce\u00f1ido que realza la figura<\/p>\n","protected":false},"featured_media":1123,"comment_status":"open","ping_status":"closed","template":"","meta":{"site-sidebar-layout":"default","site-content-layout":"","ast-site-content-layout":"default","site-content-style":"default","site-sidebar-style":"default","ast-global-header-display":"","ast-banner-title-visibility":"","ast-main-header-display":"","ast-hfb-above-header-display":"","ast-hfb-below-header-display":"","ast-hfb-mobile-header-display":"","site-post-title":"","ast-breadcrumbs-content":"","ast-featured-img":"","footer-sml-layout":"","theme-transparent-header-meta":"default","adv-header-id-meta":"","stick-header-meta":"","header-above-stick-meta":"","header-main-stick-meta":"","header-below-stick-meta":"","astra-migrate-meta-layouts":"set"},"product_cat":[19],"product_tag":[29,30],"_links":{"self":[{"href":"https:\/\/pruebadotacionesdelcentro.innovardotaciones.com\/index.php\/wp-json\/wp\/v2\/product\/1118"}],"collection":[{"href":"https:\/\/pruebadotacionesdelcentro.innovardotaciones.com\/index.php\/wp-json\/wp\/v2\/product"}],"about":[{"href":"https:\/\/pruebadotacionesdelcentro.innovardotaciones.com\/index.php\/wp-json\/wp\/v2\/types\/product"}],"replies":[{"embeddable":true,"href":"https:\/\/pruebadotacionesdelcentro.innovardotaciones.com\/index.php\/wp-json\/wp\/v2\/comments?post=1118"}],"wp:featuredmedia":[{"embeddable":true,"href":"https:\/\/pruebadotacionesdelcentro.innovardotaciones.com\/index.php\/wp-json\/wp\/v2\/media\/1123"}],"wp:attachment":[{"href":"https:\/\/pruebadotacionesdelcentro.innovardotaciones.com\/index.php\/wp-json\/wp\/v2\/media?parent=1118"}],"wp:term":[{"taxonomy":"product_cat","embeddable":true,"href":"https:\/\/pruebadotacionesdelcentro.innovardotaciones.com\/index.php\/wp-json\/wp\/v2\/product_cat?post=1118"},{"taxonomy":"product_tag","embeddable":true,"href":"https:\/\/pruebadotacionesdelcentro.innovardotaciones.com\/index.php\/wp-json\/wp\/v2\/product_tag?post=1118"}],"curies":[{"name":"wp","href":"https:\/\/api.w.org\/{rel}","templated":true}]}}